3233 prime?
True
Is 2732749 prime?
True
Is 184019531 a prime number?
False
Is 64660577 prime?
True
Is 157759769 a composite number?
False
Is 678299117 a composite number?
True
Is 2999861 a composite number?
True
Is 393991 composite?
True
Is 677747 a composite number?
True
Is 58481347 composite?
False
Is 27406177 prime?
True
Is 3739051 a composite number?
False
Is 434261 composite?
False
Is 14142647 a composite number?
True
Is 11111621 a composite number?
False
Is 50340179 prime?
False
Is 15169511 a prime number?
False
Is 7968419 a prime number?
False
Is 107023937 composite?
False
Is 2687527 prime?
False
Is 105993161 a composite number?
True
Is 1091065 composite?
True
Is 407831 prime?
False
Is 17601413 a composite number?
True
Is 184202801 composite?
False
Is 45238201 a composite number?
False
Is 232913 a composite number?
True
Is 8566897 a composite number?
False
Is 17260211 a prime number?
False
Is 66991327 prime?
False
Is 2532913715 a prime number?
False
Is 256673 composite?
True
Is 2696567 prime?
False
Is 32436557 composite?
False
Is 1796831 composite?
True
Is 1766959 a composite number?
True
Is 8590642 a composite number?
True
Is 2018077 prime?
True
Is 1623187 prime?
False
Is 3306377 a composite number?
True
Is 204509057 a prime number?
True
Is 167626411 prime?
False
Is 505277 prime?
True
Is 419562779 composite?
False
Is 92750063 a composite number?
True
Is 287622017 prime?
True
Is 857707 a composite number?
False
Is 294930239 a prime number?
True
Is 9233093 a composite number?
False
Is 5452963 composite?
True
Is 27296359 a prime number?
False
Is 10469819 composite?
True
Is 44479453 a prime number?
True
Is 123479021 composite?
False
Is 29657283 prime?
False
Is 22665847 composite?
False
Is 3602891 a composite number?
False
Is 14024821 prime?
True
Is 12120139 a prime number?
False
Is 1174331 a prime number?
True
Is 75383857 a prime number?
False
Is 7800033 a prime number?
False
Is 44575099 composite?
True
Is 2599397 a prime number?
True
Is 139851545 composite?
True
Is 10235809 composite?
True
Is 45190673 a composite number?
True
Is 21231241 a prime number?
True
Is 79321661 a prime number?
True
Is 13145117 a prime number?
True
Is 24363077 composite?
False
Is 369414167 a composite number?
False
Is 45114589 a prime number?
False
Is 3032279 a prime number?
True
Is 120948679 a prime number?
False
Is 24828981 a prime number?
False
Is 92467577 a composite number?
True
Is 4687601 prime?
True
Is 534955387 prime?
True
Is 2803433 prime?
True
Is 34593391 prime?
False
Is 11760391 composite?
False
Is 35721302 composite?
True
Is 37570342 prime?
False
Is 8559445 a composite number?
True
Is 12090487 a prime number?
True
Is 1374679 prime?
False
Is 1560773 prime?
False
Is 901127 composite?
True
Is 109881001 prime?
False
Is 41993767 a composite number?
True
Is 44376281 a composite number?
True
Is 5440301 a composite number?
False
Is 2893879 composite?
False
Is 31570667 composite?
False
Is 1313419 composite?
True
Is 534137 prime?
True
Is 1150183 a prime number?
True
Is 146209 a composite number?
True
Is 111455647 a prime number?
True
Is 440068313 prime?
True
Is 290737 a composite number?
False
Is 102013361 a prime number?
True
Is 15025667 a prime number?
True
Is 77358787 a prime number?
False
Is 8917991 a composite number?
False
Is 12457451 prime?
True
Is 69198683 a composite number?
False
Is 715119 prime?
False
Is 2202493 composite?
False
Is 9016693 a prime number?
False
Is 2516653 prime?
False
Is 11565841 a composite number?
True
Is 3720107 prime?
False
Is 42090953 a composite number?
True
Is 6475133 composite?
True
Is 22759267 a composite number?
False
Is 24431341 composite?
True
Is 4605151 composite?
True
Is 38566315 a composite number?
True
Is 27623837 a composite number?
False
Is 45218599 a composite number?
False
Is 4638709 composite?
True
Is 19332265 composite?
True
Is 78657287 a composite number?
False
Is 2609911 a prime number?
True
Is 3602021 prime?
True
Is 93074043 a composite number?
True
Is 21363007 composite?
False
Is 3257211 a prime number?
False
Is 23270041 a prime number?
False
Is 102437233 a composite number?
False
Is 1580039 a prime number?
False
Is 19143247 a prime number?
True
Is 595411 prime?
True
Is 20071 a composite number?
False
Is 1172557 composite?
True
Is 19029291 composite?
True
Is 18810349 a prime number?
False
Is 7336873 prime?
True
Is 2816653 a composite number?
True
Is 19112429 composite?
True
Is 40481833 a prime number?
False
Is 11655551 composite?
False
Is 780278321 a prime number?
False
Is 173235553 composite?
True
Is 39179293 a prime number?
True
Is 178864187 a composite number?
True
Is 11774485 a composite number?
True
Is 5250223 a composite number?
True
Is 3638521 composite?
False
Is 184649573 a composite number?
True
Is 3774457 a prime number?
True
Is 29882002 prime?
False
Is 1247903 prime?
False
Is 13229477 a composite number?
False
Is 10073351 composite?
True
Is 109341151 a prime number?
True
Is 3925927 a prime number?
True
Is 1212511 prime?
False
Is 81432203 prime?
False
Is 222929063 prime?
False
Is 1690571 prime?
True
Is 9975347 composite?
True
Is 123937933 a prime number?
False
Is 31570667 a prime number?
True
Is 2155597 composite?
False
Is 212449 a composite number?
True
Is 91595761 prime?
False
Is 3930439 composite?
False
Is 7428803 composite?
False
Is 3390107 a prime number?
False
Is 4707083 a prime number?
True
Is 525167 prime?
True
Is 4096651 a composite number?
True
Is 37573213 prime?
False
Is 515755661 prime?
True
Is 44473369 prime?
False
Is 5130439 a prime number?
False
Is 8994497 a prime number?
True
Is 181538081 a prime number?
True
Is 71544791 a composite number?
True
Is 226242637 a composite number?
True
Is 9742427 a composite number?
False
Is 1038797 prime?
True
Is 7379213 a prime number?
True
Is 11238611 composite?
True
Is 620700046 a composite number?
True
Is 509567 prime?
False
Is 223645 a prime number?
False
Is 17435741 prime?
True
Is 169657 a composite number?
False
Is 21212585 prime?
False
Is 12958633 composite?
False
Is 758467 prime?
False
Is 1964029 prime?
False
Is 16008947 prime?
False
Is 152471687 prime?
True
Is 116023753 composite?
True
Is 181076097 composite?
True
Is 17525383 prime?
False
Is 1298857 a composite number?
True
Is 35467351 composite?
False
Is 127427249 prime?
True
Is 288466063 prime?
True
Is 94418033 prime?
False
Is 4148041 a composite number?
False
Is 14262819 a composite number?
True
Is 353933 composite?
True
Is 5522149 a composite number?
True
Is 261577 a composite number?
False
Is 5896391 prime?
True
Is 42214739 prime?
False
Is 18078119 prime?
False
Is 5696333 prime?
False
Is 4498907 composite?
True
Is 18817417 composite?
False
Is 11921621 a composite number?
True
Is 16466755 a prime number?
False
Is 842603 a composite number?
True
Is 80231359 prime?
False
Is 151385951 a composite number?
True
Is 262001 a composite number?
True
Is 15661193 composite?
False
Is 1264643 a prime number?
True
Is 1264199 prime?
True
Is 4120799 a composite number?
True
Is 8786359 a prime number?
True
Is 69124579 a prime number?
True
Is 151583009 a prime number?
False
Is 667233521 a prime number?
True
Is 23963777 a composite number?
False
Is 7674829 prime?
True
Is 283427633 a composite number?
False
Is 8007667 a composite number?
False
Is 57678083 a prime number?
True
Is 56607533 a prime number?
False
Is 554813 a composite number?
True
Is 3413017 a prime number?
True
Is 130780913 a prime number?
True
Is 17276599 a composite number?
False
Is 11836009 a composite number?
False
Is 508734587 a composite number?
False
Is 127126303 a composite number?
True
Is 18826231 a composite number?
False
Is 6281186 composite?
True
Is 292990267 prime?
False
Is 69763 prime?
True
Is 11862439 a prime number?
True
Is 184730969 a composite number?
True
Is 3532787 a composite number?
True
Is 93089207 prime?
True
Is 53711831 composite?
True
Is 8175241 a composite number?
False
Is 1613321 a prime number?
True
Is 31491511 a composite number?
False
Is 13956079 prime?
False
Is 2664601 prime?
True
Is 850405 prime?
False
Is 254993819 a prime number?
True
Is 44103343 a composite number?
True
Is 984299 prime?
True
Is 23617553 a prime number?
False
Is 12561439 prime?
False
Is 75932297 composite?
True
Is 78643769 a prime number?
